t v(x) = -9*x - 12. What is the tens digit of v(p)?
3
Let z(u) = -2*u**2 - 13*u - 11. What is the units digit of z(-4)?
9
Let k = 29 - 13. What is the units digit of k?
6
Let g(t) = -7*t + 9. What is the units digit of g(-8)?
5
Let c = -19 - -26. What is the units digit of c?
7
Suppose -4 = -4*d - 2*j - 0*j, 2 = 3*d + j. Suppose 0 = -d*u + 5*u - 20. Suppose u*i = 4*v + 3*i - 26, 4 = 2*i. What is the units digit of v?
7
What is the units digit of 50/(-20)*(-684)/10?
1
Suppose d = -5 + 29. What is the units digit of d?
4
Let l = 6 + -9. Suppose -2*y = 4*o - 20, -3*o + 4*y - 5*y = -15. Let g = l + o. What is the units digit of g?
2
Let m = 0 - -1. Let i(n) = -7*n**3 + n**2 + 2*n. Let v(l) = -l**2 - l. Let b(r) = -i(r) - v(r). What is the units digit of b(m)?
6
Let y(l) = -l**3 + l**2 + 1. What is the tens digit of y(-3)?
3
Let r = 6 + -11. What is the units digit of (r + -2)/(1 + -2)?
7
Suppose -10*w + 160 = -6*w. What is the tens digit of w?
4
Let f be 12/(-10)*(3 - 8). What is the tens digit of f/14 + (-486)/(-42)?
1
Suppose 2*r = 3*k + 224, -5*k - 246 - 198 = -4*r. What is the units digit of r?
6
Suppose 0 = -h - s + 14, -5*h + 39 + 43 = 2*s. What is the units digit of h?
8
What is the tens digit of 228/16*8/6?
1
Suppose -5*s = 5*m + 55, 0*m + 31 = -5*s + m. Let b = s + 11. What is the units digit of b?
4
Let s(i) = 95*i**3 + i. Let y be s(1). What is the units digit of y/10 + (-4)/(-10)?
0
Suppose y - 2*n - 15 = 0, n = 4*y + 6*n - 112. Let c = y + -15. What is the units digit of c?
8
Let v = -1 - -3. Suppose -23 + 1 = -v*l. Suppose 0 = -2*o + l + 9. What is the units digit of o?
0
Suppose -7 = a + 1. Let l = a - -13. Suppose l*n - 9 = -4. What is the units digit of n?
1
Let n be 8 - (-3)/(-3) - 3. Let q = n - 7. Let h(j) = j**3 + 3*j**2 + 1. What is the units digit of h(q)?
1
Let x(j) be the first derivative of -3/2*j**2 + 1 - j. What is the units digit of x(-7)?
0
Let v = 2 + 0. Let l be (35/10)/(v/16). What is the units digit of (-122)/(-14) + 8/l?
9
Suppose 42 = 4*v - 86. What is the units digit of v?
2
Suppose 51 = -4*k - 57. Suppose 0*v = v - 9. What is the tens digit of (-6)/k - (-106)/v?
1
Suppose 2*c - 31 = -5*p, -2*p - 18 = -c - 7*p. Suppose 2*r - 25 = c. What is the units digit of r?
9
Suppose -4*u = -u - 12. Suppose -l - 64 = -u*x + l, -2*l = -5*x + 81. Suppose 3*c - x = -2*w, 0*c - 2*c = 3*w - 8. What is the units digit of c?
7
Let l(a) = -a**3 - 22*a**2 - 30*a - 24. What is the tens digit of l(-21)?
6
Let m be 3/(-15) - (-1)/5. Suppose m*k + 4 = -4*k. What is the units digit of 1/((-2)/(-4)) + k?
1
Suppose 6*n - 730 = 794. What is the units digit of n?
4
Let n be 6/(5 - 9/3). Suppose 4*j - 4*z = 95 - 23, n*z = 15. What is the units digit of j?
3
Let z(o) = -2*o - 11. Let p be z(-9). Suppose -b = -2*k + p, 4*k = 2*b + 2*k + 4. Let h = b + -1. What is the units digit of h?
2
Suppose 0 = -3*l + l + 78. Suppose -5*r - z = -39, 0 = 3*r + 2*z + 10 - l. What is the units digit of r?
7
Suppose 0 = 6*b - 258 + 48. What is the tens digit of b?
3
Suppose -2*s + 5*v + 7 = 0, -6*s + 8 = -s - 3*v. What is the units digit of (-12)/(1 + s + -3)?
2
Suppose 381 - 59 = 2*b. What is the tens digit of b?
6
Suppose 5*m + k - 40 = 0, 4*m - 32 = -k + 4*k. Let r be (-19)/4 + (-2)/m. What is the units digit of (-3)/r + 64/10?
7
Suppose 3*u - 11 = b, 5*b + 11 = 1. What is the units digit of u*(-3)/(-9) + 8?
9
Let f(i) = i**3 + 10*i**2 + 5*i. What is the units digit of f(-7)?
2
Suppose -4*l + 5*c - 15 = 0, 2*c - 3 = -5*l + c. Suppose 0 = -l*f - f + 46. What is the tens digit of f?
4
Let g(b) = -2*b + 3. Let c(z) = 3*z - 6. Let m(r) = 2*c(r) + 5*g(r). What is the units digit of m(-6)?
7
What is the units digit of (-2 - -3) + 2*249/6?
4
Suppose -99 = -3*y + 36. What is the tens digit of y?
4
Suppose 4*l - 9 = 3. Let a be 3*(-2 + l) - 3. Suppose a = -4*u + 5*u - 6. What is the units digit of u?
6
What is the tens digit of (10/5)/(((-8)/(-25))/4)?
2
Let m(s) = s**2 - 2*s. Suppose 5 = -f - 2*y, -5*y - 16 = -y. What is the units digit of m(f)?
3
Suppose 2*s = -3*w + 7, 5*s + 5*w = -0*w + 20. Let a = s - 4. What is the units digit of a?
1
Suppose 3*a - 1034 = -2*v - 3*v, -a = 2*v - 345. What is the hundreds digit of a?
3
Let d(w) = -w**2 - 18*w - 5. Let n be d(-11). Suppose -k - 81 + 19 = -4*c, -n = -4*c - 4*k. What is the units digit of c?
6
Let h(l) = -l**3 - 2*l**2 - 3*l - 3. Let n be 9*(0 - 2/(-6)). Suppose -2*a + n*m - 24 = -5, -5*a - 5 = m. What is the units digit of h(a)?
3
Let f(h) be the first derivative of h**4/4 - 8*h**3/3 - 9*h**2/2 + 2*h + 2. What is the units digit of f(9)?
2
Let c(p) be the first derivative of -7/2*p**2 + p - 4. What is the units digit of c(-2)?
5
Let y(j) = -7*j - 19. What is the tens digit of y(-7)?
3
Suppose -2*o + o - 1 = 0. Let s be (3/(-2))/(o/14). Suppose r = 3*r - 3*n - s, -42 = -5*r - 3*n. What is the units digit of r?
9
Let m(j) = j**3 - 4*j**2 + 3*j + 4. Let i be m(3). Suppose w + 2 = i*x + 26, 2*x - 16 = -3*w. What is the units digit of w?
8
Let s(f) be the second derivative of f**3/6 + 5*f**2/2 + 2*f. Let d be s(-5). Suppose d*t + 5*t = 50. What is the tens digit of t?
1
Suppose p - 153 = -2*l + 384, 5*l = -4*p + 1350. What is the units digit of l?
6
Suppose -g = 11*g - 1224. What is the tens digit of g?
0
What is the tens digit of (-77)/(-1) + (6/2 - -1)?
8
Let t(i) = -8*i + 1. Let c be ((-3)/(-1) + -2)*-1. What is the units digit of t(c)?
9
Suppose -2*m + 970 = 3*z, -z + 6*z + 5*m - 1615 = 0. What is the tens digit of z?
2
Let q(z) = -4*z - 10. Let d be q(-7). Suppose -2 = 2*w + 2*j, -3*w + 3*j = -j - d. What is the units digit of w?
2
Suppose 0 = 4*d - 7 - 17. Let y = 13 + d. What is the units digit of y?
9
Let h(u) = -u**3 + 2*u**2 + 4*u + 1. Let f be h(3). Suppose -5*t = -y - 35, 5*t - t - f*y = 28. What is the units digit of t?
7
Suppose -2*g + 570 = g + 2*f, 0 = -f. What is the hundreds digit of g?
1
Let m = 13 + -5. Suppose m + 11 = t. What is the units digit of t?
9
Let k = 130 - 69. What is the units digit of k?
1
Suppose -x + 55 = 4*x. Let n be ((-6)/(-4))/(x/(-22)). Let i = 12 + n. What is the units digit of i?
9
Suppose -209 = -5*y + 191. What is the units digit of y?
0
Suppose -5*b = -25, -n - 5*b + 52 = 2*n. Let d(s) = -s**2 + 11*s - 5. What is the units digit of d(n)?
3
What is the tens digit of 2/3*75/2?
2
Let r be (3 - -2)*(-6)/(-5). Let i = r - -17. What is the tens digit of i?
2
Suppose -5*g + 74 = -126. Let u(p) = 8*p**2 - 3*p + 1. Let z be u(2). Let m = g - z. What is the units digit of m?
3
Suppose 3*w + 2*d - 318 = 0, -4*w + 422 + 2 = -3*d. What is the tens digit of w?
0
Suppose -3*m = 3*w - 9 - 6, 0 = -5*m - 5. What is the units digit of (9/w)/(6/40)?
0
Let q be (18 - 20)*(-1 + -36). Suppose 4*r - 2*v = -q + 242, v = 4*r - 164. What is the tens digit of r?
4
Suppose -8*r + 4*r + 68 = 0. Let f = 19 - r. What is the units digit of f?
2
Let y(d) = d**3 + 10*d**2 + 2*d + 14. What is the tens digit of y(-5)?
2
Let k = 11 - 0. Let f(x) = x**3 - 2*x - 2*x - k - 3*x - 3*x**2 - 5*x**2. What is the units digit of f(9)?
7
Let w = 132 + -79. Let h = w + -18. What is the units digit of h?
5
Let x be -5 - ((-3)/(-4))/((-2)/(-8)). Let k be (6*-3)/((-6)/4). Let l = x + k. What is the units digit of l?
4
Suppose -3*a + 0*a - 5*b + 27 = 0, 0 = b. What is the units digit of a?
9
Suppose 3*q + 4*f = 51, 6*q - 4*f = q + 85. Suppose -6 = -h + q. What is the tens digit of h?
2
Let p = -125 + 203. What is the tens digit of p?
7
Suppose 0*y + 26 = y. What is the units digit of y?
6
Let t be (-2)/(-1) - 2/2. Let o(q) = q + 0*q - 3 - t. What is the units digit of o(5)?
1
Suppose 5*p + 0 = 3*q + 8, 0 = -4*q + 2*p + 8. Suppose 3*o + 3*v = 12, -2*o + 3 = -2*v + 3*v. Let y = q - o. What is the units digit of y?
5
Let t(a) be the second derivative of -a**5/20 - a**4/2 - a**3/6 + a**2/2 + 2*a. What is the units digit of t(-6)?
7
Let q(r) = -r**3 - 9*r**2 + 7*r + 5. What is the units digit of q(-10)?
5
Suppose -4*q - 2 = -z, 4*z - 3*q - 44 = q. What is the tens digit of z?
1
Let i(z) = -26*z + 60. What is the hundreds digit of i(-6)?
2
Suppose -9 = 2*v - 1. Let c(d) be the first derivative of -d**4/4 - d**3 - 2*d - 11. What is the tens digit of c(v)?
1
Suppose 3*v - 18 = 57. Suppose 3*a = 8 + v. What is the units digit of a